s 195031413641 a prime number?
True
Is 773733341 a prime number?
True
Is 26520914663 composite?
False
Is 801910177 a composite number?
False
Is 29099476069 composite?
True
Is 9960955063 a composite number?
False
Is 3586908461 a composite number?
False
Is 6833436271 a prime number?
True
Is 1584213709 a prime number?
False
Is 128120887 prime?
False
Is 103286927 prime?
True
Is 2408764177 a prime number?
False
Is 94484195597 a composite number?
True
Is 12210553571 composite?
False
Is 16423624957 a prime number?
False
Is 25406700601 a composite number?
False
Is 41299250123 composite?
False
Is 478396981 prime?
True
Is 38035457 a prime number?
False
Is 29980163729 prime?
True
Is 1660439167 prime?
False
Is 12422594519 prime?
True
Is 1066149083 composite?
False
Is 1796509747 a composite number?
False
Is 84478284659 a composite number?
False
Is 36099358511 a composite number?
True
Is 49507364111 composite?
False
Is 414914047 composite?
False
Is 17089835131 prime?
True
Is 1540498933 composite?
True
Is 39288350161 prime?
True
Is 383722723 prime?
True
Is 436459579 prime?
False
Is 100880409193 prime?
True
Is 23859815683 a prime number?
False
Is 796077187 prime?
True
Is 3392124049 composite?
True
Is 50098429 composite?
False
Is 81443362361 prime?
True
Is 2282064289 prime?
True
Is 707647597 composite?
True
Is 1851609379 a prime number?
False
Is 50477058131 a composite number?
False
Is 718782121 a composite number?
False
Is 49345835603 composite?
True
Is 824086813 prime?
False
Is 504369961 a prime number?
False
Is 6460778503 a prime number?
False
Is 79706777363 a composite number?
False
Is 27274391 a composite number?
False
Is 507255923 a prime number?
False
Is 2900021519 prime?
False
Is 46722911 a prime number?
False
Is 100668889673 prime?
False
Is 166028453 prime?
True
Is 57499921 composite?
False
Is 1268166443 a composite number?
False
Is 62614471 a composite number?
True
Is 3560785607 prime?
True
Is 69472373 a prime number?
True
Is 83302459957 composite?
True
Is 4241649781 a prime number?
False
Is 2409879971 composite?
False
Is 4617117777 a composite number?
True
Is 28653333113 composite?
False
Is 241147037 a prime number?
True
Is 65544828617 a composite number?
False
Is 5901622933 a prime number?
True
Is 6398686123 a composite number?
True
Is 6660555827 a prime number?
False
Is 5198448107 prime?
True
Is 3495870967 prime?
True
Is 1838383949 a prime number?
False
Is 2870413859 prime?
True
Is 59686082569 a composite number?
False
Is 7920586033 a composite number?
False
Is 183538265 composite?
True
Is 697695377 composite?
False
Is 1344753457 a composite number?
True
Is 1930014179 a composite number?
True
Is 28063041379 a prime number?
True
Is 1344949369 prime?
True
Is 144978787 a prime number?
True
Is 166577269 a prime number?
True
Is 1998945653 a composite number?
True
Is 3777701977 composite?
True
Is 68756652863 prime?
True
Is 12652642349 prime?
True
Is 3126446129 a composite number?
False
Is 14807837593 a composite number?
True
Is 58994510791 a composite number?
False
Is 14437412161 a prime number?
False
Is 117862151677 composite?
False
Is 1476939047 composite?
False
Is 20801790727 composite?
True
Is 740287589 composite?
False
Is 68525111 composite?
False
Is 235421987 a prime number?
False
Is 2019561109 a composite number?
False
Is 538726193 a composite number?
True
Is 34993708369 a composite number?
True
Is 3133930979 composite?
True
Is 1445490923 prime?
True
Is 51525029107 a prime number?
False
Is 237189079 prime?
True
Is 10093447093 prime?
True
Is 38479172777 a composite number?
False
Is 8147275529 a composite number?
False
Is 3559734407 prime?
True
Is 10313012053 a composite number?
False
Is 2295226679 a prime number?
True
Is 107425996567 composite?
False
Is 15644508037 composite?
False
Is 7260535939 prime?
False
Is 123862633187 prime?
False
Is 3198705281 prime?
True
Is 19161426509 a composite number?
False
Is 2138801387 composite?
False
Is 81231419 a composite number?
False
Is 342972341 a composite number?
True
Is 161064418 a composite number?
True
Is 140623163 composite?
True
Is 923213041 composite?
True
Is 142225286191 composite?
False
Is 741293651 a prime number?
False
Is 146469744487 a prime number?
False
Is 91354513 composite?
False
Is 188036879 a composite number?
False
Is 90152263 composite?
False
Is 75712737637 prime?
True
Is 4230622003 a composite number?
False
Is 8315321631 a composite number?
True
Is 1449962999 composite?
False
Is 18913894729 prime?
False
Is 8951409217 a composite number?
False
Is 84701162141 prime?
False
Is 22110747335 composite?
True
Is 927757843 a prime number?
True
Is 45541624657 prime?
True
Is 23674637873 prime?
False
Is 473073389 a composite number?
True
Is 1598042359 composite?
False
Is 1406584441 composite?
False
Is 1360174531 a prime number?
True
Is 1041685289 a prime number?
True
Is 317852737 composite?
True
Is 1912547827 composite?
False
Is 1424068103 composite?
False
Is 1140625547 prime?
True
Is 5160233539 composite?
False
Is 21581731 a prime number?
True
Is 34322352179 a composite number?
True
Is 111574944851 prime?
False
Is 7431463994 prime?
False
Is 198223042 a composite number?
True
Is 5052757399 composite?
False
Is 20483090273 a prime number?
False
Is 14630439991 a prime number?
True
Is 3822243701 a composite number?
False
Is 17431281965 a composite number?
True
Is 1701007999 prime?
True
Is 12997127683 composite?
True
Is 11484131005 a composite number?
True
Is 2173893847 a prime number?
False
Is 4971365549 a prime number?
True
Is 2334530993 composite?
True
Is 6662708909 a prime number?
True
Is 1182389371 a composite number?
True
Is 9318080621 prime?
False
Is 1013699719 a prime number?
True
Is 57659336041 a composite number?
True
Is 27626763943 a prime number?
True
Is 13672720927 a prime number?
True
Is 54050144881 a prime number?
True
Is 42771695389 prime?
True
Is 470353747 prime?
False
Is 496627517 a composite number?
True
Is 25526330147 a composite number?
True
Is 1174809509 a composite number?
True
Is 10964297 composite?
True
Is 5435894287 a composite number?
False
Is 634035761 composite?
True
Is 3309879 a prime number?
False
Is 505996853 a composite number?
False
Is 84490604141 a composite number?
True
Is 2760626329 a composite number?
False
Is 787223161 a composite number?
True
Is 3427715021 a composite number?
False
Is 50771125103 composite?
False
Is 113857659593 a composite number?
False
Is 938701339 prime?
False
Is 3005266501 a composite number?
False
Is 944032753 a prime number?
False
Is 312031307726 composite?
True
Is 3591716579 prime?
False
Is 845357819 composite?
False
Is 375926521 a prime number?
False
Is 1600853017 a composite number?
True
Is 24446728109 prime?
True
Is 13669208213 prime?
True
Is 2836696087 a prime number?
True
Is 12532026149 a prime number?
True
Is 749407721 a prime number?
False
Is 185331623 a composite number?
True
Is 8348078107 a prime number?
False
Is 96625379 a prime number?
True
Is 195155540969 prime?
False
Is 133495927 a composite number?
False
Is 8689338949 a composite number?
False
Is 590176189 composite?
False
Is 126650543731 a prime number?
True
Is 1695951703 a prime number?
True
Is 2833161101 composite?
False
Is 6806089981 a prime number?
True
Is 16058550061 composite?
False
Is 5290951199 prime?
False
Is 101227383661 composite?
True
Is 1407260651 prime?
True
Is 1758021065 a composite number?
True
Is 120859363 a composite number?
True
Is 859407697 composite?
False
Is 26228539991 a composite number?
False
Is 350865517 a prime number?
True
Is 2639389 prime?
True
Is 892632761 prime?
True
Is 28046734151 prime?
True
Is 104154100253 composite?
True
Is 2001668887 a composite number?
False
Is 49518025597 a composite number?
False
Is 103570223089 a composite number?
True
Is 1833213533 composite?
True
Is 331448333 composite?
True
Is 530153119 a composite number?
False
Is 2917210565 prime?
False
Is 2500516138 composite?
True
Is 96055369667 a composite number?
True
Is 26611812803 a prime number?
True
Is 328373831 composite?
False
Is 266405519 a composite number?
False
Is 1697716609 composite?
False
Is 4534307317 prime?
False
Is 983713937 composite?
False
Is 8099001791 a prime number?
True
Is 50364053 a prime number?
True
Is 2420119291 prime?
True
Is 139437685438 prime?
Fal